 Suppose -3*w + 33 - 6 = 0. Calculate the highest common factor of o and w.
1
Let k be ((-8)/(-14) - (-11)/(-7))*-2. Calculate the highest common divisor of k and 48.
2
Let x(m) = 17*m**2 + 38*m + 188. Let s be x(-4). What is the greatest common divisor of s and 231?
77
Let n(m) = -3*m**3 - 16*m**2 + 6*m - 8. Let w be n(-6). What is the highest common divisor of w and 35?
7
Suppose -2*k - 1068 = -4*r, 5*r = k + 897 + 435. What is the greatest common divisor of 76 and r?
38
Let k(a) be the second derivative of a**5/20 + 7*a**4/12 + a**3/6 + 23*a**2/2 + 13*a. Let n be k(-7). Calculate the highest common divisor of n and 16.
16
Let n(o) = -o**3 - 53*o**2 - 57*o - 192. Let j be n(-52). What is the greatest common divisor of j and 272?
68
Suppose 268 = -2*a + 3*q + q, 5*a - 2*q = -710. Let x = a - -239. Calculate the greatest common factor of x and 19.
19
Let v = -438 + 498. Calculate the greatest common factor of 340 and v.
20
Suppose 369*j + 75 = 372*j. What is the highest common divisor of j and 45?
5
Let d(p) be the third derivative of p**6/120 + 7*p**5/30 - 17*p**4/24 - 5*p**3/3 - 8*p**2. Let t be d(-15). What is the greatest common factor of 5 and t?
5
Let s(p) = 113*p**3 - p**2 + 2*p - 3. Let d be s(1). What is the greatest common divisor of 74 and d?
37
Let w = 19 + 26. Calculate the highest common divisor of 5 and w.
5
Let h(x) = -5*x + 89. Let b be h(17). What is the greatest common factor of 32 and b?
4
Let i(t) = 118*t + 857. Let j be i(7). What is the greatest common factor of 99 and j?
99
Let u be 117/7 + (-4)/(-14). Suppose -5*d - 120 = 3*d. Let y(j) = 4*j**2 + 58*j - 13. Let f be y(d). What is the greatest common divisor of u and f?
17
Let x(q) = -q**3 + 3*q**2 - 7*q - 8. Let o be x(-1). Calculate the highest common factor of 11 and o.
1
Let h = 955 - 872. What is the highest common factor of 83 and h?
83
Let c(b) = 246*b - 30. Let u be c(3). Calculate the greatest common divisor of u and 12.
12
Let w(z) = 14*z**2 + 6*z + 4. Let a be w(4). Suppose 0 = -2*t - 0*t + a. Calculate the greatest common factor of t and 18.
18
Let k be ((-6)/4)/(-1)*64/6. What is the greatest common divisor of 848 and k?
16
Let y be (-2)/(2/((-32)/4)). Suppose -5*a + y*a = 108. What is the highest common factor of a and 24?
12
Let f(t) = -6*t**3 + 4*t + 12. Let o(s) = s**3 - s - 1. Let u(r) = -f(r) - 5*o(r). Let v be u(3). Calculate the highest common divisor of 46 and v.
23
Let o = 252 + -225. Let p be ((-6)/(-2))/(3/27). What is the greatest common factor of o and p?
27
Suppose -10*w + 4990 = 790. Let x be (4/(-10))/((4 - 7)/w). What is the highest common divisor of x and 8?
8
Suppose -4*j + 11 = 3. Let v be j/(0 + (-6)/(-15)). Let f = 63 - 18. Calculate the greatest common factor of v and f.
5
Suppose -4*q + 20 = -4*a, -q - 4*a = -2*q + 14. Suppose q*x = -x + 12. What is the greatest common factor of x and 2?
2
Let z be 1/2*(-1040)/20. Let d = z - -60. Calculate the greatest common factor of d and 51.
17
Suppose 569 - 1537 = -11*i. Let d = i + -80. What is the greatest common factor of 12 and d?
4
Suppose 0 = -3*u + 6 - 0. Suppose u*f + 4 = -o, -f - 3*f = -4*o + 20. Let n = o + 4. Calculate the highest common factor of 12 and n.
6
Suppose 1065 = -5*m + 10. Let k = -50 - m. What is the highest common factor of 23 and k?
23
Suppose 2*i - 252 = -12*i. Let o = 32 - 45. Let m = -4 - o. What is the highest common divisor of m and i?
9
Suppose 2*x + 27 = 5*k, -k - 30 = -6*k + 5*x. Suppose v - 80 = k*v. Let j be (v + 19)/(2/(-42)). What is the highest common factor of 3 and j?
3
Suppose 3*l = -z + 98, -6*l - 278 = -3*z - 11*l. Calculate the highest common factor of 387 and z.
43
Let n = 111 + -32. Let v = n - 44. Calculate the greatest common factor of 14 and v.
7
Let s = -63 + 126. Let g = -11 + 32. What is the highest common factor of s and g?
21
Let x(l) = -55*l + 56*l + 16 - 7. Let v be x(17). Calculate the highest common divisor of 52 and v.
26
Let k be (-1 - 1)/(1/(-95)). Let c = -14741 - -14760. What is the greatest common factor of k and c?
19
Suppose -16 = -4*n + 8*n. Let c = n - -6. Suppose s - d - 178 = -s, c*s + d - 182 = 0. What is the greatest common divisor of s and 9?
9
Let l(p) = -p + 7. Let m be l(-5). Let f be 3/4 - 39/(-12). Suppose -f = -3*j + 20. Calculate the highest common factor of m and j.
4
Let l(m) = m**3 + 12*m**2 + 12*m - 8. Let k be l(-6). What is the highest common factor of k and 17?
17
Let y = 23 + -14. Let j(p) = 3*p**2 - 6*p + 3. Let w be j(y). What is the greatest common factor of w and 24?
24
Suppose -2*k = 3*a - 23, 3*a - 8*a = 2*k - 25. Let m be k/(-4)*(-168)/20. Suppose -6*o = -9*o + 567. Calculate the highest common divisor of m and o.
21
Suppose 46 = -3*p + 5*v + 200, 5*p = 3*v + 278. Suppose -p = -5*i + 4*o, -4*i = 4*o - 7*o - 46. Calculate the greatest common factor of i and 10.
10
Let x = -1396 - -1435. Let l be (52/10)/((-2)/(-10)). What is the highest common divisor of l and x?
13
Let f be 1 + 5/((-20)/(-96)). Suppose 0 = 4*b - 5*b + 5. Calculate the greatest common factor of f and b.
5
Let l be ((-189)/18)/(3/(-12)). Suppose -6*o = 5*n - 2*o - l, -n + o = -3. Suppose -4*d = 10 - 202. What is the greatest common factor of n and d?
6
Let l(d) = -13*d**3 + 2*d**2 + 2*d + 1. Let o be l(-1). Let v = -999 + 1027. What is the greatest common factor of v and o?
14
Suppose 744 = 26*x + 16. What is the greatest common divisor of x and 126?
14
Let n(d) = 4*d + 2. Let x be n(7). Let i = x - 20. Let a(o) = 24*o + 4. Let q be a(4). What is the highest common divisor of i and q?
10
Let i be (6 + -11)*8/2. Let n be (-6 + 3)/(6/i). Suppose -3*q + 334 = -2*g, 3*q + 0*g = g + 332. What is the highest common divisor of q and n?
10
Let j be (9 - (2 - -1)) + -1. Suppose -j*o - 84 = -7*o. Suppose o = 2*n + n. Calculate the greatest common divisor of 28 and n.
14
Suppose 10583 + 4786 = 3*a - 3*k, -2*a + 10250 = 2*k. What is the highest common factor of a and 61?
61
Let i(w) = -w**3 - 29*w**2 - 2*w - 56. Let x be i(-29). Let p = 8 + 6. Calculate the highest common divisor of p and x.
2
Let o(l) = l + 7. Suppose -2*j - 5 = -z, -5*j - 9 = 4*z + 36. Let q be o(z). Suppose 154 = q*r - r. Calculate the greatest common divisor of r and 14.
14
Let t = 2643 + -2642. Calculate the highest common divisor of 8 and t.
1
Let m = -535 - -769. What is the highest common divisor of 18 and m?
18
Let s(f) = -f**3 + 7*f**2 - 7*f + 9. Let l be s(6). Let n(b) = -b**2 + 3*b + 1. Let i be n(l). Let v = 6 + i. What is the greatest common divisor of 63 and v?
7
Suppose -c = 2*c, 4*v - 4 = 3*c. Let s be -7 + 287 + -7 - (2 - v). Calculate the greatest common factor of s and 34.
34
Suppose -7*y + 362 = 5*t - 6*y, -4*t - y + 289 = 0. Let l = t + -39. What is the greatest common factor of 102 and l?
34
Suppose 5*u - 10*u = -30. Let r = 5 + u. Calculate the highest common factor of r and 121.
11
Let r(f) be the third derivative of -91*f**4/24 + 7*f**3/6 + 8*f**2. Let j be r(-3). Let g be j/4*(0 + 1). What is the greatest common divisor of 10 and g?
10
Suppose -7*f - 8 = -393. Let i(k) = -k**2 - 12*k - 16. Let t be i(-9). Calculate the highest common divisor of t and f.
11
Let n(m) = -16*m + 6. Let f be n(-4). Suppose 4*d + f = 6*d. Calculate the highest common factor of 7 and d.
7
Let o(v) = v**3 + v**2 - 2*v. Let s(i) = -i**3 - 11*i**2 - 8*i + 22. Let m be s(-10). Let y be o(m). Calculate the highest common factor of 52 and y.
4
Suppose 0 = -15*s + 231 - 36. What is the highest common factor of s and 299?
13
Suppose -189 = -5*v + x, 2*x + 0*x - 140 = -4*v. Let z be 4 - (5 + (-4 - v)). What is the highest common divisor of z and 140?
20
Suppose 70 + 30 = -5*v. Let m be (-74)/(-4) - v/(-40). Calculate the highest common factor of 126 and m.
18
Suppose 20 = -14*m - 22. Let l be (m/4)/(4/(-160)). What is the highest common factor of 9 and l?
3
Suppose 3*i - 27 = -6. Let u = -13 + 27. Suppose -g - u = -3*g. What is the highest common factor of i and g?
7
Suppose -274 + 88 = 3*w. Let i = -36 - w. Let x = 160 - 95. What is the greatest common divisor of i and x?
13
Let m be 6/(-4) - 39/(-26). Suppose -6*i + 166 - 34 = m. Calculate the highest common divisor of 11 and i.
11
Let m be (4/12)/(-3*1/(-117)). What is the greatest common factor of m and 247?
13
Let n(a) = -a**